 by 64.
10
Calculate the remainder when 1515 is divided by 126.
3
What is the remainder when 1098 is divided by 292?
222
What is the remainder when 278 is divided by 35?
33
What is the remainder when 192 is divided by 15?
12
What is the remainder when 566 is divided by 104?
46
Calculate the remainder when 489 is divided by 38.
33
What is the remainder when 570 is divided by 115?
110
Calculate the remainder when 3673 is divided by 54.
1
Calculate the remainder when 16674 is divided by 51.
48
Calculate the remainder when 661 is divided by 17.
15
What is the remainder when 180 is divided by 2?
0
What is the remainder when 65 is divided by 26?
13
What is the remainder when 94 is divided by 62?
32
What is the remainder when 3098 is divided by 33?
29
What is the remainder when 111 is divided by 44?
23
Calculate the remainder when 1078 is divided by 356.
10
Calculate the remainder when 65 is divided by 10.
5
Calculate the remainder when 20344 is divided by 65.
64
Calculate the remainder when 30 is divided by 5.
0
Calculate the remainder when 474 is divided by 34.
32
What is the remainder when 825 is divided by 38?
27
What is the remainder when 77 is divided by 29?
19
What is the remainder when 538 is divided by 33?
10
Calculate the remainder when 106 is divided by 27.
25
What is the remainder when 4502 is divided by 2251?
0
What is the remainder when 36 is divided by 11?
3
What is the remainder when 82 is divided by 21?
19
What is the remainder when 25574 is divided by 184?
182
What is the remainder when 301 is divided by 139?
23
Calculate the remainder when 78 is divided by 24.
6
Calculate the remainder when 10 is divided by 7.
3
What is the remainder when 103 is divided by 21?
19
What is the remainder when 571 is divided by 156?
103
What is the remainder when 3875 is divided by 108?
95
What is the remainder when 435 is divided by 47?
12
Calculate the remainder when 3311 is divided by 255.
251
Calculate the remainder when 1480 is divided by 370.
0
What is the remainder when 28 is divided by 4?
0
Calculate the remainder when 692 is divided by 151.
88
Calculate the remainder when 233 is divided by 34.
29
What is the remainder when 331 is divided by 111?
109
What is the remainder when 213 is divided by 31?
27
Calculate the remainder when 137 is divided by 35.
32
Calculate the remainder when 344 is divided by 36.
20
Calculate the remainder when 55 is divided by 17.
4
What is the remainder when 1792 is divided by 21?
7
What is the remainder when 191 is divided by 53?
32
What is the remainder when 4326 is divided by 1439?
9
What is the remainder when 478 is divided by 16?
14
Calculate the remainder when 293 is divided by 74.
71
What is the remainder when 606 is divided by 197?
15
Calculate the remainder when 1168 is divided by 51.
46
What is the remainder when 2210 is divided by 27?
23
What is the remainder when 543 is divided by 14?
11
What is the remainder when 1159 is divided by 90?
79
What is the remainder when 345 is divided by 66?
15
Calculate the remainder when 1046 is divided by 338.
32
Calculate the remainder when 91 is divided by 49.
42
Calculate the remainder when 195 is divided by 49.
48
What is the remainder when 123 is divided by 21?
18
Calculate the remainder when 1539 is divided by 70.
69
What is the remainder when 43 is divided by 9?
7
What is the remainder when 610 is divided by 290?
30
Calculate the remainder when 1555 is divided by 9.
7
What is the remainder when 457 is divided by 27?
25
What is the remainder when 243 is divided by 97?
49
What is the remainder when 4220 is divided by 325?
320
Calculate the remainder when 1804 is divided by 7.
5
What is the remainder when 1151 is divided by 35?
31
Calculate the remainder when 159 is divided by 23.
21
Calculate the remainder when 3059 is divided by 24.
11
What is the remainder when 381 is divided by 32?
29
Calculate the remainder when 804 is divided by 54.
48
Calculate the remainder when 5982 is divided by 136.
134
What is the remainder when 420 is divided by 48?
36
Calculate the remainder when 10381 is divided by 88.
85
What is the remainder when 3554 is divided by 37?
2
Calculate the remainder when 32 is divided by 10.
2
Calculate the remainder when 337 is divided by 56.
1
What is the remainder when 1498 is divided by 84?
70
Calculate the remainder when 1413 is divided by 13.
9
Calculate the remainder when 1642 is divided by 165.
157
What is the remainder when 1866 is divided by 1858?
8
What is the remainder when 26 is divided by 9?
8
Calculate the remainder when 77594 is divided by 76.
74
Calculate the remainder when 75301 is divided by 23.
22
Calculate the remainder when 329 is divided by 22.
21
What is the remainder when 526 is divided by 22?
20
What is the remainder when 184 is divided by 48?
40
What is the remainder when 191 is divided by 40?
31
Calculate the remainder when 1662 is divided by 38.
28
What is the remainder when 63 is divided by 24?
15
What is the remainder when 419 is divided by 110?
89
What is the remainder when 245 is divided by 63?
56
What is the remainder when 156 is divided by 23?
18
Calculate the remainder when 14 is divided by 4.
2
What is the remainder when 10592 is divided by 15?
2
What is the remainder when 1109 is divided by 229?
193
Calculate the remainder when 76 is divided by 38.
0
Calculate the remainder when 14122 is divided by 3530.
2
Calculate the remainder when 1579 is divided by 396.
391
Calculate the remainder when 5663 is divided by 16.
15
Calculate the remainder when 571 is divided by 8.
3
What is the remainder when 9404 is divided by 101?
11
Calculate the remainder when 272 is divided by 99.
74
Calculate the remainder when 5004 is divided by 2499.
6
Calculate the remainder when 686 is divided by 23.
19
What is the remainder when 109 is divided by 38?
33
What is the remainder when 13 is divided by 8?
5
Calculate the remainder when 258 is divided by 7.
6
Calculate the remainder when 2803 is divided by 933.
4
What is the remainder when 649 is divided by 26?
25
What is the remainder when 1215 is divided by 38?
37
Calculate the remainder when 2060 is divided by 196.
100
Calculate the remainder when 1244 is divided by 29.
26
What is the remainder when 62 is divided by 24?
14
Calculate the remainder when 223 is divided by 123.
100
Calculate the remainder when 114 is divided by 58.
56
Calculate the remainder when 1350 is divided by 104.
102
What is the remainder when 1187 is divided by 29?
27
Calculate the remainder when 384 is divided by 126.
6
What is the remainder when 55116 is divided by 254?
252
What is the remainder when 968 is divided by 36?
32
Calculate the remainder when 247 is divided by 59.
11
What is the remainder when 1523 is divided by 27?
11
Calculate the remainder when 161 is divided by 28.
21
What is the remainder when 2998 is divided by 15?
13
Calculate the remainder when 425 is divided by 129.
38
What is the remainder when 502 is divided by 63?
61
Calculate the remainder when 638 is divided by 105.
8
Calculate the remainder when 735 is divided by 42.
21
What is the remainder when 1665 is divided by 11?
4
What is the remainder when 102113 is divided by 183?
182
What is the remainder when 909 is divided by 57?
54
Calculate the remainder when 556 is divided by 45.
16
Calculate the remainder when 2180 is divided by 78.
74
Calculate the remainder when 20 is divided by 11.
9
Calculate the remainder when 536 is divided by 50.
36
Calculate the remainder when 762 is divided by 26.
8
What is the remainder when 1602 is divided by 107?
104
Calculate the remainder when 619 is divided by 203.
10
What is the remainder when 2269 is divided by 17?
8
What is the remainder when 1047 is divided by 15?
12
What is the remainder when 97 is divided by 27?
16
What is the remainder when 1341 is divided by 22?
21
Calculate the remainder when 226 is divided by 59.
49
Calculate the remainder when 58 is divided by 32.
26
Calculate the remainder when 1940 is divided by 11.
4
Calculate the remainder when 1318 is divided by 22.
20
What is the remainder when 2086 is divided by 12?
10
What is the remainder when 297 is divided by 70?
17
What is the remainder when 6232 is divided by 566?
6
Calculate the remainder when 28 is divided by 24.
4
Calculate the remainde